ist the prime factors of u.
2, 769
Let u(t) = 2*t**2 + 14*t + 10. Let p be u(-7). Suppose p = 2*s - 0*s. What are the prime factors of s?
5
Let m be 20/12*(0 - -3). Suppose 9 = m*n - 26. Suppose 0 = -5*s + 48 + n. List the prime factors of s.
11
Let r(v) = v**2 + 28*v - 174. List the prime factors of r(-39).
3, 5, 17
Let p(z) = 939*z**2 + 5*z - 2. What are the prime factors of p(-1)?
2, 233
Let a = 297 - 189. List the prime factors of a.
2, 3
Let n(b) = -6 + b + 660*b**2 + 1 - 653*b**2. List the prime factors of n(5).
5, 7
Suppose 2796*l + 5240 = 2804*l. List the prime factors of l.
5, 131
Suppose 4*r - 2439 = -q, 2*r + 1475 = 3*q - 5898. What are the prime factors of q?
5, 491
Let z be -1 + (-3)/(6/2). What are the prime factors of z/(-3 - -5)*-19?
19
Suppose -7 - 3 = -5*g. Let v(r) = -10*r. Let t be v(-2). Suppose g*o = 7*o - t. List the prime factors of o.
2
Let o = 186 + 1492. List the prime factors of o.
2, 839
Let o = -15 + 19. Suppose y = o*y - 201. List the prime factors of y.
67
Let i = 32 - 10. Let f = i - 31. Let p = 32 - f. What are the prime factors of p?
41
Let p(g) = -13*g**3 - 7*g**2 - 10*g - 17. What are the prime factors of p(-5)?
1483
Let c be (1 - 0/(-3))*-7. Let o(t) be the second derivative of t**4/12 + t**3/6 - 18*t. List the prime factors of o(c).
2, 3, 7
Let b = -67 + -75. Let y = -61 - b. List the prime factors of y.
3
Let x = 1141 - 1059. What are the prime factors of x?
2, 41
Let n(m) = -38*m + 2. Let j(q) = q. Let l(b) = -5*j(b) - n(b). List the prime factors of l(7).
229
Suppose 5*v = 2*g + 484 + 829, -v + 3*g = -260. Let l = -125 + v. Suppose 7 = 5*x - l. What are the prime factors of x?
29
Suppose 0 = 7*g - 3*g. Let q(y) = -y**3 + y**2 + 2. Let x be q(g). Suppose 3*w - 33 = x*w. What are the prime factors of w?
3, 11
Suppose -5*t + 100 = -0*t. List the prime factors of (t - 16)/(1/2).
2
Let r = -105 - -106. Let z(m) = 241*m**3 - m**2 - m + 1. List the prime factors of z(r).
2, 3, 5
Let x = 6610 + -2782. List the prime factors of x.
2, 3, 11, 29
Suppose 0 = 2*k - 7*k + 65. Suppose -5*p = -32 - k. List the prime factors of 27/p + 14 + 0.
17
Let s(d) = -d**3 + 4*d**2 - 3*d + 1. Let z be s(3). Suppose u + z = 6. What are the prime factors of (-2)/u - 342/(-30)?
11
Let y(d) = -6*d**2 - 11*d + 5. Let o(g) = 20*g**2 + 0 - 1 - 19*g**2 + g. Let i(v) = -4*o(v) - y(v). List the prime factors of i(3).
2, 19
Suppose 0 = 2*m + 2*k + 2*k - 892, 2*m - 5*k = 937. Suppose -3*h + 3*w = -w - 320, -4*h - 2*w = -m. List the prime factors of h.
2, 7
Suppose 2*m - m = -r + 10, 13 = m - 2*r. Let i(d) = d**2 - 2*d + 25. Let o be i(m). Suppose 7*h - 5*h - o = 0. List the prime factors of h.
2, 31
Let n = 13 - 8. Suppose -2*h + 3*p + 3 = -5*h, -4*p = -n*h + 22. Suppose -h*t - 33 = -5*j, -2*t + 23 = 7*j - 4*j. List the prime factors of j.
7
Let i(j) = -119*j**3 + j**2 + 3*j + 3. Suppose -7*a = -3 + 10. List the prime factors of i(a).
2, 3, 5
Let v(u) be the first derivative of 7*u**4/4 - 2*u**3/3 + 5*u**2 + u + 5. List the prime factors of v(3).
2, 101
Suppose -5*h + 24 - 9 = 0. Suppose -344 = 2*q - 4*t, 0 = -h*q + t + 2*t - 516. List the prime factors of (q/(-8))/(1/2).
43
List the prime factors of (-10269)/(-6)*(-10)/(-15).
7, 163
Let c = 224 - -123. What are the prime factors of c?
347
Let f(y) = -1181*y + 892. List the prime factors of f(-4).
2, 3, 13
Let k(r) = r**3 + r**2 - 2*r + 32. Let h be (-5 - -7) + -1 + 3. Let d = h + -4. What are the prime factors of k(d)?
2
Suppose -9*y + 7*y + 4 = 0. Let z be (2 - y)/((-2)/(-2)). Suppose 27 = 2*r + 6*n - 3*n, -5*r - 3*n + 63 = z. List the prime factors of r.
2, 3
Suppose 0 = 2*o + 2 + 2. Let s(k) = -2*k**3 + 2*k**2 - 2*k - 2. Let n be s(o). Let c = n + -16. List the prime factors of c.
2, 5
Let s(f) = f**3 - 4*f**2 + f - 7. Let b be s(6). Suppose b = -4*l + x + 23, 8 = 2*x. Let k = 36 - l. What are the prime factors of k?
47
Suppose -63 = -2*t + 31. What are the prime factors of t*(-4)/(-2 - 2)?
47
Suppose 11*o - 108 = 5*o. Let g = -5 + o. Let q(v) = -v**2 + 14*v + 12. What are the prime factors of q(g)?
5
Suppose 2*l - 1 + 7 = 0. Let v(i) = -268*i**2 - 2*i + 270*i**2 + 3 - i. List the prime factors of v(l).
2, 3, 5
Suppose 5 + 91 = 4*f. Suppose -20*h - 100 = -f*h. What are the prime factors of h?
5
Let b = -11 + -30. Suppose -5*s = -5*g - 320, 4*g + 270 = -s - 2*s. Let k = b - g. List the prime factors of k.
5
Let x(u) = 43*u + 489. What are the prime factors of x(12)?
3, 5, 67
Let r = 1300 + 1003. List the prime factors of r.
7, 47
Let w = -18 - -12. Let o(r) = -3*r + 24. List the prime factors of o(w).
2, 3, 7
Suppose 9*h + 4*m - 1971 = 6*h, -2*m = 0. List the prime factors of h.
3, 73
Let v = 5406 + -3779. What are the prime factors of v?
1627
Suppose -4379 = -2*k - 5*x, 6*k - 5*k = 3*x + 2195. What are the prime factors of k/10 + 3*(-4)/60?
3, 73
Let x(q) = 10*q**2 + 28*q - 42. List the prime factors of x(12).
2, 3, 17
Suppose 0 = 5*b + 2*n - 16573, -4*b - 3*n = -b - 9951. List the prime factors of b.
3313
Let w(g) = -13*g - 1. Suppose -3*u = 5*d - 1 - 0, -17 = -u - 5*d. What are the prime factors of w(u)?
103
Let y = 386 - 11. Suppose 0 = 5*n - 5*u - y - 1055, n = -u + 282. What are the prime factors of n?
2, 71
Let h = -21 + 26. Suppose 5*x - 60 = h*b, -84 = -4*x - 2*b - 3*b. Let m = x + -12. What are the prime factors of m?
2
Suppose -3*m - 6*m = 0. Suppose 338 = 5*c + 4*v + 60, -2*v + 4 = m. List the prime factors of c.
2, 3
Let u be 0*((-15)/6 + 3). Suppose -2*t - 5*s = -u*t - 20, 0 = 5*t + 2*s - 29. Suppose -t*c + 18 = -22. What are the prime factors of c?
2
Suppose 5*q + 7 = 27. Let t = q - -16. Suppose 0 = p - 58 + t. List the prime factors of p.
2, 19
Suppose 0 = -6*b + 32 + 4. What are the prime factors of -25*(2 - 3)*b?
2, 3, 5
Let c(a) = 94*a - 45. List the prime factors of c(20).
5, 367
Suppose t + 0*t + 9 = 0. Let f = t + 11. Suppose -5*w - 65 = -5*k, 2*k - f = -3*w - 1. List the prime factors of k.
2
Suppose 4*o + 24 = o. List the prime factors of 2/o + 3133/52.
2, 3, 5
Let s = -14 - -18. Suppose 2*b - s*q = b + 3, -4*b + 5*q + 12 = 0. Suppose 2*g = 4*n - 3 + 25, 3*n + 3 = -b*g. What are the prime factors of g?
3
List the prime factors of (-6 - 12/(-6) - -152) + -3.
5, 29
What are the prime factors of 328/(-6)*1911/(-52)?
7, 41
Suppose -s = -0*s + 5*v - 20, 4*s + 4 = v. Suppose 4*g - 2*d - 297 - 363 = s, -5*d + 176 = g. What are the prime factors of g?
2, 83
Let p = 387 - -102. What are the prime factors of p?
3, 163
Let b(x) = 16*x**2 + 28*x**2 - 2 + 3. Let l be 3/((-18)/(-8)) + 5/(-15). List the prime factors of b(l).
3, 5
Suppose 6*y - 4495 = 989. What are the prime factors of y?
2, 457
Suppose -3*u = -3*v - 9, u + 3*v = 1 + 2. Suppose -q + 1 + 0 = u*d, -5*q - 25 = 0. Let k(m) = 5*m**3 + m**2 + 2*m - 3. List the prime factors of k(d).
3, 5
Let b(d) = 3*d**3 - 7*d**2 + 10*d - 5. Let n(v) = -2*v**3 + 7*v**2 - 10*v + 5. Let g(k) = -3*b(k) - 4*n(k). List the prime factors of g(-9).
67
Let c be -3*(-6)/63 - (-2416)/(-28). Let n = c - -121. List the prime factors of n.
5, 7
Suppose 0 = 146*g - 142*g - 2004. What are the prime factors of g?
3, 167
Suppose 0 = 4*d - 200 - 500. Suppose 6*z - z = d. Let h = z - 21. List the prime factors of h.
2, 7
Let h = -11 + 16. Suppose 3*q + l = 14, -h*l + 0*l = 5*q - 10. What are the prime factors of q?
2, 3
Let g(l) = 3*l**2 + 2*l - 100. List the prime factors of g(8).
2, 3
Let j be 5 + -5 - 4/1. Let a(b) = b**2 + 4*b + 3. Let i be a(j). Suppose -6*m + 69 = -i*m. What are the prime factors of m?
23
Let c(y) be the second derivative of -y**4/12 + 4*y**3/3 + 5*y**2/2 - 3*y. Let r be c(4). Let l = r + 7. What are the prime factors of l?
2, 7
Let w be 81/4*(-6 + -2). Let i = -71 - w. What are the prime factors of i?
7, 13
Let c = 8 + 15. Suppose -c - 7 = -o. Let q = o + 37. What are the prime factors of q?
67
Let q(x) be the first derivative of -29*x**2/2 - 3*x + 4. Let w be q(-2). Suppose 2*b - w = z, -5*b - 2*z + 160 = -0*z. List the prime factors of b.
2, 3, 5
Let c(q) = -386*q - 27. List the prime factors of c(-1).
359
Let j be (-8)/20 + (-1498)/5. Let h be j/(-108) - 4/(-18). Suppose -3*x = -h*m + 102, -m = -0*x + 2*x - 28. List the prime factors of m.
2
Let p = 117 + -76. Let d = p - -25. Let j = d + -40. List the prime factors of j